{"id":146,"date":"2018-07-19T15:14:15","date_gmt":"2018-07-19T13:14:15","guid":{"rendered":"http:\/\/zahnarztpraxis-steinbach.de\/?page_id=146"},"modified":"2019-04-23T15:39:09","modified_gmt":"2019-04-23T13:39:09","slug":"aesthetische-zahnheilkunde","status":"publish","type":"page","link":"https:\/\/zahnarztpraxis-steinbach.de\/?page_id=146","title":{"rendered":"\u00c4sthetische Zahnheilkunde"},"content":{"rendered":"<p>Ein strahlendes L\u00e4cheln\u2026, sch\u00f6ne wei\u00dfe Z\u00e4hne\u2026. Beides steht in unserer Gesellschaft f\u00fcr Gesundheit, Attraktivit\u00e4t und Erfolg und tr\u00e4gt ganz entscheidend zum pers\u00f6nlichen Wohlbefinden bei! \u00c4sthetisch sch\u00f6ne Z\u00e4hne sind etwas ganz Individuelles &#8211; wir helfen unseren Patienten dabei den pers\u00f6nlichen Bed\u00fcrfnissen in Bezug auf Sch\u00f6nheit, Nat\u00fcrlichkeit und Attraktivit\u00e4t gerecht zu werden.<br \/>\n\t\t\t\t\t\t\t<h3 style=\"margin-bottom:20px ;display:block;width:100%;margin-top:10px\">\u00c4sthetische Zahnheilkunde <\/h3>\r\n\t\t\t\t\t\t\t\t<style>\r\n\t\t\t\t\r\n\t\t\t\t\t#tab_container_408 {\r\n\toverflow:hidden;\r\n\tdisplay:block;\r\n\twidth:100%;\r\n\tborder:0px solid #ddd;\r\n\tmargin-bottom:30px;\r\n\t}\r\n\r\n#tab_container_408 .tab-content{\r\n\tpadding:20px;\r\n\tborder: 1px solid #dbe1e3 !important;\r\n\tmargin-top: 0px;\r\n\tbackground-color:#f4fafc !important;\r\n\tcolor:  !important;\r\n\tfont-size:17px !important;\r\n\tfont-family: Helvetica !important;\r\n\t\r\n\t\tborder: 1px solid #dbe1e3 !important;\r\n\t}\r\n#tab_container_408 .wpsm_nav-tabs {\r\n    border-bottom: 0px solid #ddd;\r\n}\r\n#tab_container_408 .wpsm_nav-tabs > li.active > a, #tab_container_408 .wpsm_nav-tabs > li.active > a:hover, #tab_container_408 .wpsm_nav-tabs > li.active > a:focus {\r\n\tcolor:  !important;\r\n\tcursor: default;\r\n\tbackground-color: #4db8d8 !important;\r\n\tborder: 1px solid #349fbf !important;\r\n}\r\n\r\n#tab_container_408 .wpsm_nav-tabs > li > a {\r\n    margin-right: 0px !important; \r\n    line-height: 1.42857143 !important;\r\n    border: 1px solid #8ec9da !important;\r\n    border-radius: 0px 0px 0 0 !important; \r\n\tbackground-color: #a1dced !important;\r\n\tcolor: #ffffff !important;\r\n\tpadding: 15px 18px 15px 18px !important;\r\n\ttext-decoration: none !important;\r\n\tfont-size: 20px !important;\r\n\ttext-align:center !important;\r\n\tfont-family: Helvetica !important;\r\n}\r\n#tab_container_408 .wpsm_nav-tabs > li > a:focus {\r\noutline: 0px !important;\r\n}\r\n\r\n#tab_container_408 .wpsm_nav-tabs > li > a:before {\r\n\tdisplay:none !important;\r\n}\r\n#tab_container_408 .wpsm_nav-tabs > li > a:after {\r\n\tdisplay:none !important ;\r\n}\r\n#tab_container_408 .wpsm_nav-tabs > li{\r\npadding:0px !important ;\r\nmargin:0px;\r\n}\r\n\r\n#tab_container_408 .wpsm_nav-tabs > li > a:hover , #tab_container_408 .wpsm_nav-tabs > li > a:focus {\r\n    color: #ffffff !important;\r\n    background-color: #a1dced !important;\r\n\tborder: 1px solid #8ec9da !important;\r\n\t\r\n}\r\n#tab_container_408 .wpsm_nav-tabs > li > a .fa{\r\n\r\nmargin-right:5px !important;\r\n\r\nmargin-left:5px !important;\r\n\r\n\r\n}\r\n\r\n\t\t#tab_container_408 .wpsm_nav-tabs a{\r\n\t\t\tbackground-image: url('');\r\n\t\t\tbackground-position: 0 0;\r\n\t\t\tbackground-repeat: repeat-x;\r\n\t\t}\r\n\t\t\t\r\n\r\n\r\n#tab_container_408 .wpsm_nav-tabs > li {\r\n    float: left;\r\n    margin-bottom: -1px !important;\r\n\tmargin-right:0px !important; \r\n}\r\n\r\n\r\n#tab_container_408 .tab-content{\r\noverflow:hidden !important;\r\n}\r\n\r\n\r\n@media (min-width: 769px) {\r\n\r\n\t#tab_container_408 .wpsm_nav-tabs > li{\r\n\t\tfloat:left !important ;\r\n\t\t\t\tmargin-right:-1px !important;\r\n\t\t\t\t\t}\r\n\t#tab_container_408 .wpsm_nav-tabs{\r\n\t\tfloat:none !important;\r\n\t\tmargin:0px !important;\r\n\t}\r\n\r\n\t#tab_container_408 .wpsm_nav-tabs > li {\r\n\t\t\t\t\r\n\t}\r\n\t#tab_container_408 .wpsm_nav{\r\n\t\t\t}\r\n\r\n}\r\n\r\n\r\n\r\n@media (max-width: 768px) {\r\n\t#tab_container_408 .wpsm_nav-tabs > li {\r\n\t\t\t\t\r\n\t}\r\n\t#tab_container_408 .wpsm_nav{\r\n\t\t\t}\r\n}\r\n\r\n\r\n\t.wpsm_nav-tabs li:before{\r\n\t\tdisplay:none !important;\r\n\t}\r\n\r\n\t@media (max-width: 768px) {\r\n\t\t\t\t\r\n\t\t\t\t.wpsm_nav-tabs{\r\n\t\t\tmargin-left:0px !important;\r\n\t\t\tmargin-right:0px !important; \r\n\t\t\t\r\n\t\t}\r\n\t\t\t\t#tab_container_408 .wpsm_nav-tabs > li{\r\n\t\t\tfloat:none !important;\r\n\t\t}\r\n\t\t\t\r\n\t}\r\n\t\t\t\t<\/style>\r\n\t\t\t\t<div id=\"tab_container_408\" >\r\n\t \r\n\t\t\t\t\t<ul class=\"wpsm_nav wpsm_nav-tabs\" role=\"tablist\" id=\"myTab_408\">\r\n\t\t\t\t\t\t\t\r\n\t\t\t\t\t\t\t<li role=\"presentation\"  class=\"active\"  >\r\n\t\t\t\t\t\t\t\t<a href=\"#tabs_desc_408_1\" aria-controls=\"tabs_desc_408_1\" role=\"tab\" data-toggle=\"tab\">\r\n\t\t\t\t\t\t\t\t\t\r\n\t\t\t\t\t\t\t\t\t\t\t\t\t\t\t\t\t\t\t\t\t\t\t\t\t\t\t\t\t\t\t\t\t\t\t\t\t<i class=\"fa fa-arrow-circle-down\"><\/i> \t\t\t\t\t\t\t\t\t\t\t\t\t\t\t\t\t\t\t\t\t\t\t\r\n\t\t\t\t\t\t\t\t\t\t\t\t\t\t\t\t\t\t\t\t\t\t\r\n\t\t\t\t\t\t\t\t\t\t\t<span>Bleaching<\/span>\r\n\t\t\t\t\t\t\t\t\t\t\t\r\n\t\t\t\t\t\t\t\t\t\t\t\t\t\t\t\t\t\t\t\t\t\t\r\n\t\t\t\t\t\t\t\t\t\t\t\t\t\t\t\t\t\t\t\t\r\n\t\t\t\t\t\t\t\t\t\t\r\n\t\t\t\t\t\t\t\t\t\r\n\t\t\t\t\t\t\t\t<\/a>\r\n\t\t\t\t\t\t\t<\/li>\r\n\t\t\t\t\t\t\t\r\n\t\t\t\t\t\t\t<li role=\"presentation\"  >\r\n\t\t\t\t\t\t\t\t<a href=\"#tabs_desc_408_2\" aria-controls=\"tabs_desc_408_2\" role=\"tab\" data-toggle=\"tab\">\r\n\t\t\t\t\t\t\t\t\t\r\n\t\t\t\t\t\t\t\t\t\t\t\t\t\t\t\t\t\t\t\t\t\t\t\t\t\t\t\t\t\t\t\t\t\t\t\t\t<i class=\"fa fa-arrow-circle-down\"><\/i> \t\t\t\t\t\t\t\t\t\t\t\t\t\t\t\t\t\t\t\t\t\t\t\r\n\t\t\t\t\t\t\t\t\t\t\t\t\t\t\t\t\t\t\t\t\t\t\r\n\t\t\t\t\t\t\t\t\t\t\t<span>Zahnfarbene F\u00fcllungen<\/span>\r\n\t\t\t\t\t\t\t\t\t\t\t\r\n\t\t\t\t\t\t\t\t\t\t\t\t\t\t\t\t\t\t\t\t\t\t\r\n\t\t\t\t\t\t\t\t\t\t\t\t\t\t\t\t\t\t\t\t\r\n\t\t\t\t\t\t\t\t\t\t\r\n\t\t\t\t\t\t\t\t\t\r\n\t\t\t\t\t\t\t\t<\/a>\r\n\t\t\t\t\t\t\t<\/li>\r\n\t\t\t\t\t\t\t\t\t\t\t <\/ul>\r\n\r\n\t\t\t\t\t  <!-- Tab panes -->\r\n\t\t\t\t\t  <div class=\"tab-content\" id=\"tab-content_408\">\r\n\t\t\t\t\t\t\t\t\t\t\t\t <div role=\"tabpanel\" class=\"tab-pane  in active \" id=\"tabs_desc_408_1\">\r\n\t\t\t\t\t\t\t\t<h2>Warum m\u00f6chte jeder wei\u00dfe Z\u00e4hne haben?<\/h2>\r\nImmer mehr Menschen verbinden ein jugendliches und attraktives Aussehen mit einem strahlenden L\u00e4cheln und blendend wei\u00dfen Z\u00e4hnen. Deshalb werden gutes Aussehen und ein strahlend wei\u00dfes L\u00e4cheln immer wichtiger \u2013 privat und auch beruflich.\r\nGesunde und sch\u00f6ne Z\u00e4hne st\u00e4rken Ihr Selbstbewusstsein und ein strahlendes L\u00e4cheln ist Ihre Eintrittskarte \u2013 \u00fcberall hin. Sehr viele Menschen, h\u00e4ufig auch Prominente, sind sich aber leider nicht bewusst, wie un\u00e4sthetisch Ihre Z\u00e4hne in Wirklichkeit aussehen.\r\nDeshalb gibt es immer noch Menschen mit dunkel verf\u00e4rbten Z\u00e4hnen.\r\n<h2>Was kann man tun?<\/h2>\r\nDas Bleichen (\u201eBleaching\u201c) von Z\u00e4hnen ist eine sichere und effektive Therapie, mit der eine langfristige Aufhellung der Z\u00e4hne erreicht werden kann. Dabei ist jedoch die Diagnosestellung und \u00dcberwachung der Behandlung durch einen Zahnarzt unbedingt erforderlich, um Sch\u00e4den durch falsche Anwendung auszuschlie\u00dfen.\r\nstark verf\u00e4rbte Z\u00e4hne\r\n<h2>Wie l\u00e4uft das Bleaching ab?<\/h2>\r\nIn unserer Praxis werden zwei verschiedene Bleachingmethoden angewandt:\r\nZu Hause: Zum Aufhellen der gesamten Zahnreihe wird bei uns in der Praxis zun\u00e4chst eine passgenaue Kunststoffschiene f\u00fcr die Z\u00e4hne hergestellt. Diese wird mit dem Bleichmittel bestrichen und auf die Z\u00e4hne gesetzt, wodurch das Mittel ungehindert mehrere Stunden an den aufzuhellenden Zahnfl\u00e4chen einwirken kann. Nach maximal einer Woche ist bei dieser Bleachingmethode die Zahnfarbe sichtbar aufgehellt.\r\nIn der Praxis: Zum Aufhellen von nur ein bis zwei Z\u00e4hnen wird bei einem ca. einst\u00fcndigen Termin zun\u00e4chst ein Bleichmittel auf den verf\u00e4rbten Zahn aufgetragen \u2013 bei, durch eine Wurzelbehandlung wird das Bleichmittel auch in den Zahn eingebracht. Durch UV-Licht wird das Bleichmittel aktiviert: Das im Bleichmittel enthaltene Carbamidperoxid zerf\u00e4llt zu aktivem Sauerstoff, der die in der Zahnhartsubstanz enthaltenen Farbstoffe in einem Oxidationsprozess spaltet, wodurch diese zerfallen. Der Zahn wird heller.\r\n<h2>Werden beim Bleaching auch meine Kunststofff\u00fcllungen oder Kronen heller?<\/h2>\r\nNein! Beim Bleaching wird nur nat\u00fcrliche Zahnsubstanz aufgehellt. F\u00fcllungen, Kronen oder sonstiger Zahnersatz beh\u00e4lt seine urspr\u00fcngliche Farbe.\r\n<h2>Wie lange h\u00e4lt das Bleachingergebnis an?<\/h2>\r\nDurch bestimmte Ess- oder Konsumgewohnheiten k\u00f6nnen nach einiger Zeit (6-12 Monate oder l\u00e4nger) wieder dunkle Bel\u00e4ge auf dem Zahn entstehen, deren Farbpigmente in die oberfl\u00e4chliche Schmelzschicht eindringen und ihn dann wieder dunkler erscheinen lassen. Durch eine professionelle Zahnreinigung und kurzes Nachbleichen erh\u00e4lt er seine aufgehellte Farbe zur\u00fcck.\r\n<h2>Ich habe empfindliche Z\u00e4hne. Kann ich trotzdem bleichen?<\/h2>\r\nEs kann vorkommen, dass Z\u00e4hne nach dem Bleichen noch empfindlicher auf kalt\/hei\u00df reagieren. Jedoch verschwindet diese verst\u00e4rkte Sensibilit\u00e4t normalerweise rasch wieder.\r\n<h2>Ist Bleaching giftig?<\/h2>\r\nDas Bleichmittel ist ungiftig. Es besteht aus organischen Substanzen, die vom K\u00f6rper vollst\u00e4ndig abgebaut werden. Es sollte aber nicht in die Augen oder auf die Kleidung gelangen.\r\n<h2>Ist vor dem Bleaching eine Vorbehandlung notwendig?<\/h2>\r\nSie sollten Ihre Z\u00e4hne vor dem Bleaching professionell reinigen lassen. Andernfalls verhindern harte Bel\u00e4ge an bestimmten Stellen des Zahnes die Wirkung des Bleichgels. Fleckige Z\u00e4hne w\u00e4ren die Folge!\r\n<h2>Was kostet Bleaching?<\/h2>\r\nBleaching ist eine rein \u00e4sthetisch-medizinische Leistung. Diese wird weder von den gesetzlichen noch von den privaten Krankenkassen erstattet. Die Kosten richten sich nach Zeit-, Arbeits- und Materialaufwand.\r\nF\u00fcr das Bleaching mit Schienen zu Hause inklusive professioneller Zahnreinigung, einer Oberkiefer- und einer Unterkieferschiene sowie des Bleichgels entstehen f\u00fcr Sie Kosten von ca. 250 \u20ac.\r\nM\u00f6chte man nach einer gewissen Zeit noch einmal \u201enachbleichen\u201c , entstehen nur die Kosten f\u00fcr das Bleichgel.\r\nDas Bleichen eines einzelnen, wurzelbehandelten Zahnes in der Praxis kostet pro Zahn und Bleichdurchgang ca. 20 \u20ac. Je nach Verf\u00e4rbungsgrad und angestrebtem Ergebnis werden 2 bis 4 Durchg\u00e4nge ben\u00f6tigt.\r\n<h2>Was mache ich mit den Bleaching-Schienen nach dem Bleichen?<\/h2>\r\nDie Schienen k\u00f6nnen Sie jederzeit wieder verwenden, z. B. um nach einiger Zeit nochmals nachzubleichen. Dazu ben\u00f6tigen Sie dann lediglich noch etwas Bleichgel. Au\u00dferdem k\u00f6nnen Sie die Schienen sp\u00e4ter als Fluoridierungsschiene benutzen und damit gegen Karies vorbeugen.\r\n<h2>Das schonende Aufhellen der Z\u00e4hne auf einen Blick<\/h2>\r\n<ul>\r\n \t<li>Je nach Bedarf f\u00fchren wir die folgenden Behandlungsschritte durch:<\/li>\r\n \t<li>Zahnmedizinische Untersuchung und Erl\u00e4uterung der Behandlung<\/li>\r\n \t<li>Professionelle Zahnreinigung<\/li>\r\n \t<li>Abdrucknahme von Ober- und Unterkiefer<\/li>\r\n \t<li>Anfertigung der individuellen Bleaching-Schienen im Dentallabor<\/li>\r\n \t<li>Anpassung und Instruktion durch unser Praxisteam<\/li>\r\n \t<li>Kontrolle und \u00dcberwachung des Bleicherfolges<\/li>\r\n<\/ul>\t\t\t\t\t\t <\/div>\r\n\t\t\t\t\t\t\t\t\t\t\t\t <div role=\"tabpanel\" class=\"tab-pane \" id=\"tabs_desc_408_2\">\r\n\t\t\t\t\t\t\t\t<h2>Warum brauche Ich eine Komposite F\u00fcllung?<\/h2>\r\nImmer mehr Patienten w\u00fcnschen Amalgamalternativen. Die Gr\u00fcnde sind einerseits gesteigerte \u00e4sthetische Anspr\u00fcche, anderseits die Sorge vor erh\u00f6hter Quecksilberbelastung. Deshalb ist in den letzten Jahren ein deutlicher Trend zu Kunststofff\u00fcllungen, so genannte Komposite-F\u00fcllungen im Seitenzahnbereich zu beobachten. Alternativ zur Amalgamf\u00fcllung stehen nur Zahnzemente zu Verf\u00fcgung, die von den gesetzlichen Krankenkassen zwar voll getragen werden, die allerdings den Nachteil haben, dass Sie auch nur die daf\u00fcr vorgesehenen Anforderungen von einer Lebensdauer von 2 (bis maximal 3 Jahren) entsprechen, ausreichend in der Qualit\u00e4t und nicht der Zahnfarbe entsprechen.\r\n<h2>Was ist eine \u201eKunststoff-F\u00fcllung\u201c \u00fcberhaupt?<\/h2>\r\nDer Begriff Kunststoff trifft nicht ganz die Tatsachen: Zu 60-70 % bestehen die Kunststoff-F\u00fcllungen, die die Zahn\u00e4rzte \"Komposites\" nennen, aus Glas- und Quarz-Teilchen (Bestandteile von Keramik) und nur zu rund 30-40 % aus bestimmten Kunststoffen. Dieses Gemisch ist zun\u00e4chst weich und kann deshalb gut in den Zahn eingef\u00fcllt werden. In unserer Praxis werden sog. lichth\u00e4rtende Komposites verwendet: Unter Einwirkung von UV-Licht h\u00e4rtet das Material aus.\r\n<h2>Wie l\u00e4uft die F\u00fcllungstherapie mit Komposite ab?<\/h2>\r\nHeute werden Kunststoff-F\u00fcllungen (Komposites) meistens in sogenannter Mehrschicht-Technik eingebracht - dieses Verfahren verspricht die beste Haltbarkeit. Zuerst werden die W\u00e4nde rund um das Loch im Zahn leicht ange\u00e4tzt. Die Zahnfl\u00e4che wird dadurch etwas aufgeraut. Die sp\u00e4tere F\u00fcllung h\u00e4lt somit besser.\r\n\r\nDann wird ein Haftmittel (zwei Schichten) verteilt, das f\u00fcr eine feste Verbindung zwischen dem\r\nKomposite und dem Zahn sorgt.\r\n\r\nIn dieser ganzen Zeit darf kein Speichel in das Behandlungsfeld eindringen. In manchen F\u00e4llen verwenden wir deshalb z.B. ein Latextuch (Fachbegriff: Kofferdam) zur Abdichtung. Das Komposite wird jetzt in d\u00fcnnen Schichten aufgetragen und Schicht f\u00fcr Schicht unter Licht geh\u00e4rtet. Zum Schluss werden die F\u00fcllung und der \u00dcbergang noch einmal glatt poliert.\r\nDas alles erfordert nat\u00fcrlich seine Zeit, mehr Zeit jedenfalls, als bei einer Amalgam-F\u00fcllung ben\u00f6tigt wird.\r\n<h2>Wie lange h\u00e4lt eine Kunststoff-F\u00fcllung?<\/h2>\r\nDie Kunststoff-F\u00fcllung ist qualitativ hochwertiger als sonstiger Amalgamersatz. Die Lebensdauer ist ca. 3 mal so lange wie bei Zementf\u00fcllungen.\r\nAuftragen des Haftvermittlers\r\n<h2>Haben Komposite \u00e4hnliche \u201eNebenwirkungen\u201c wie Amalgam?<\/h2>\r\nNein! Bisher sind keine der gesundheitssch\u00e4dlichen Nebenwirkungen wie sie bei Amalgamf\u00fcllungen auftreten k\u00f6nnen bekannt. In Ausnahmef\u00e4llen kann man aber allergische Reaktionen auf Bestandteile des F\u00fcllungsmateriales zeigen.\r\n<h2>Welche konkreten Vorteile haben Komposite gegen\u00fcber der amalgamalternative Zement?<\/h2>\r\nZement ist aufgrund seiner Materialeigenschaften etwas por\u00f6s. Dies f\u00fchrt dazu, dass Zement sich mit Speichel voll saugt, wie ein Schwamm, und gegen\u00fcber Kariesbakterien keine Barriere mehr darstellt. Es kann sich am Zahn wieder unbemerkt Karies unter der F\u00fcllung bilden. Bei Kompositen kann dies nicht passieren, da sie im Zahn eine kompakte Masse darstellen.\r\n\r\nDes Weiteren werden Zemente nur in den Zahn gelegt. Durch einen mikroskopisch kleinen Spalt k\u00f6nnen auch hier wieder Bakterien eindringen (als feine braune Linie am F\u00fcllungsrand zu erkennen) und den o.g. Schaden am Zahn anrichten. Zu guter letzt halten Komposites wesentlich h\u00f6herer Kaubelastung stand und sind wesentlich abriebsfester als Zement.\r\n<h2>Was kostet eine Komposite-F\u00fcllung?<\/h2>\r\nVon den gesetzlichen Krankenkassen werden lediglich die Kosten f\u00fcr eine Amalgam bzw. Zementf\u00fcllung \u00fcbernommen. Diese werden nat\u00fcrlich auf die hochwertigere F\u00fcllung angerechnet, decken aber den wesentlich h\u00f6heren Zeit- Arbeits-, und Materialaufwand nicht vollst\u00e4ndig.\r\n\r\n\u00a0\r\n\r\n<br><br><strong>Die Differenz, und damit die Mehrkosten f\u00fcr den Patienten, richtet sich nach der F\u00fcllungsgr\u00f6\u00dfe und betr\u00e4gt:<\/strong><br><br>\r\n\r\n\u00a0\r\n<ul>\r\n \t<li>F\u00fcr eine kleine einfl\u00e4chige F\u00fcllung ca. 35\u20ac<\/li>\r\n \t<li>F\u00fcr eine zweifl\u00e4chige F\u00fcllung ca. 50\u20ac<\/li>\r\n \t<li>F\u00fcr eine dreifl\u00e4chige F\u00fcllung ca. 65\u20ac<\/li>\r\n \t<li>F\u00fcr eine mehr als dreifl\u00e4chige F\u00fcllung ca. 80\u20ac<\/li>\r\n<\/ul>\r\n<h2>Die Zahnfarbene F\u00fcllungstherapie auf einen Blick.<\/h2>\r\n<strong>Je nach Bedarf f\u00fchren wir die folgenden Behandlungsschritte durch:<\/strong>\r\n<ul>\r\n \t<li>Zahnmedizinische Untersuchung und Erl\u00e4uterung der Behandlung<\/li>\r\n \t<li>Entfernung der insuffizienten F\u00fcllung und der Karies<\/li>\r\n \t<li>Trockenlegung des Zahnes<\/li>\r\n \t<li>Bestimmung der Zahnfarbe<\/li>\r\n \t<li>An\u00e4tzen des Zahnes<\/li>\r\n \t<li>Auftragen des Haftvermittlers<\/li>\r\n \t<li>Einbringen des F\u00fcllungsmateriales (Tetric Ceram\u00a9)<\/li>\r\n \t<li>Aush\u00e4rten mittels UV-Licht<\/li>\r\n \t<li>Ausarbeitung, Politur<\/li>\r\n<\/ul>\t\t\t\t\t\t <\/div>\r\n\t\t\t\t\t\t\t\r\n\t\t\t\t\t <\/div>\r\n\t\t\t\t\t \r\n\t\t\t\t <\/div>\r\n <script>\r\n\t\tjQuery(function () {\r\n\t\t\tjQuery('#myTab_408 a:first').tab('show')\r\n\t\t});\r\n\t\t\r\n\t\t\t\tjQuery(function(){\r\n\t\t\tvar b=\"fadeIn\";\r\n\t\t\tvar c;\r\n\t\t\tvar a;\r\n\t\t\td(jQuery(\"#myTab_408 a\"),jQuery(\"#tab-content_408\"));function d(e,f,g){\r\n\t\t\t\te.click(function(i){\r\n\t\t\t\t\ti.preventDefault();\r\n\t\t\t\t\tjQuery(this).tab(\"show\");\r\n\t\t\t\t\tvar h=jQuery(this).data(\"easein\");\r\n\t\t\t\t\tif(c){c.removeClass(a);}\r\n\t\t\t\t\tif(h){f.find(\"div.active\").addClass(\"animated \"+h);a=h;}\r\n\t\t\t\t\telse{if(g){f.find(\"div.active\").addClass(\"animated \"+g);a=g;}else{f.find(\"div.active\").addClass(\"animated \"+b);a=b;}}c=f.find(\"div.active\");\r\n\t\t\t\t});\r\n\t\t\t}\r\n\t\t});\r\n\t\t\t<\/script>\r\n\t\t\t\t\r\n\t\t\t<\/p>\n","protected":false},"excerpt":{"rendered":"<p>Ein strahlendes L\u00e4cheln\u2026, sch\u00f6ne wei\u00dfe Z\u00e4hne\u2026. Beides steht in unserer Gesellschaft f\u00fcr Gesundheit, Attraktivit\u00e4t und Erfolg und tr\u00e4gt ganz entscheidend zum pers\u00f6nlichen Wohlbefinden bei! \u00c4sthetisch sch\u00f6ne Z\u00e4hne sind etwas ganz Individuelles &#8211; wir helfen unseren Patienten dabei den pers\u00f6nlichen Bed\u00fcrfnissen in Bezug auf Sch\u00f6nheit, Nat\u00fcrlichkeit und Attraktivit\u00e4t gerecht zu werden.<\/p>\n","protected":false},"author":1,"featured_media":0,"parent":102,"menu_order":1,"comment_status":"closed","ping_status":"closed","template":"","meta":[],"_links":{"self":[{"href":"https:\/\/zahnarztpraxis-steinbach.de\/index.php?rest_route=\/wp\/v2\/pages\/146"}],"collection":[{"href":"https:\/\/zahnarztpraxis-steinbach.de\/index.php?rest_route=\/wp\/v2\/pages"}],"about":[{"href":"https:\/\/zahnarztpraxis-steinbach.de\/index.php?rest_route=\/wp\/v2\/types\/page"}],"author":[{"embeddable":true,"href":"https:\/\/zahnarztpraxis-steinbach.de\/index.php?rest_route=\/wp\/v2\/users\/1"}],"replies":[{"embeddable":true,"href":"https:\/\/zahnarztpraxis-steinbach.de\/index.php?rest_route=%2Fwp%2Fv2%2Fcomments&post=146"}],"version-history":[{"count":12,"href":"https:\/\/zahnarztpraxis-steinbach.de\/index.php?rest_route=\/wp\/v2\/pages\/146\/revisions"}],"predecessor-version":[{"id":409,"href":"https:\/\/zahnarztpraxis-steinbach.de\/index.php?rest_route=\/wp\/v2\/pages\/146\/revisions\/409"}],"up":[{"embeddable":true,"href":"https:\/\/zahnarztpraxis-steinbach.de\/index.php?rest_route=\/wp\/v2\/pages\/102"}],"wp:attachment":[{"href":"https:\/\/zahnarztpraxis-steinbach.de\/index.php?rest_route=%2Fwp%2Fv2%2Fmedia&parent=146"}],"curies":[{"name":"wp","href":"https:\/\/api.w.org\/{rel}","templated":true}]}}