{"id":118,"date":"2018-07-19T14:07:46","date_gmt":"2018-07-19T12:07:46","guid":{"rendered":"http:\/\/zahnarztpraxis-steinbach.de\/?page_id=118"},"modified":"2018-07-24T11:49:13","modified_gmt":"2018-07-24T09:49:13","slug":"praxis","status":"publish","type":"page","link":"https:\/\/zahnarztpraxis-steinbach.de\/?page_id=118","title":{"rendered":"Praxis"},"content":{"rendered":"<p>Unsere Praxis steht f\u00fcr moderne und hochwertige Zahnmedizin in angenehmer Atmosph\u00e4re<\/p>\n<div>\n<p><img loading=\"lazy\" class=\"alignnone wp-image-77 size-full\" src=\"https:\/\/zahnarztpraxis-steinbach.de\/wordpress\/wp-content\/uploads\/2018\/06\/gruppe.jpg\" alt=\"\" width=\"624\" height=\"242\" srcset=\"https:\/\/zahnarztpraxis-steinbach.de\/wp-content\/uploads\/2018\/06\/gruppe.jpg 624w, https:\/\/zahnarztpraxis-steinbach.de\/wp-content\/uploads\/2018\/06\/gruppe-300x116.jpg 300w\" sizes=\"(max-width: 624px) 100vw, 624px\" \/><\/p>\n<p>Sch\u00f6ne und gepflegte Z\u00e4hne f\u00fcr ein makelloses Aussehen \u2013 im Mittelpunkt stehen dabei Sie als Patient. Mit modernen Ger\u00e4ten, geschultem Fachpersonal, einem breiten Behandlungsspektrum und allen voran ausreichend Zeit f\u00fcr den einzelnen Patienten sind wir bestrebt, auf Ihre pers\u00f6nlichen Bed\u00fcrfnisse und Belange einzugehen.<\/p>\n<\/div>\n<p><!--more--><\/p>\n<p>Deutlich wird dies f\u00fcr \u00a0Sie als Patient schon dadurch, dass Sie bei Ihrem Behandlungstermin keine Wartezeit mitbringen m\u00fcssen. Erm\u00f6glicht wird dies durch unser ausgekl\u00fcgeltes Bestell- und Qualit\u00e4tsmanagementsystem, was sich darin widerspiegelt, dass unsere Praxis kein klassisches Wartezimmer besitzt. F\u00fcr au\u00dferplanm\u00e4\u00dfige Schmerzpatienten steht eine kleine Wartelounge zur Verf\u00fcgung.<\/p>\n","protected":false},"excerpt":{"rendered":"<p>Unsere Praxis steht f\u00fcr moderne und hochwertige Zahnmedizin in angenehmer Atmosph\u00e4re Sch\u00f6ne und gepflegte Z\u00e4hne f\u00fcr ein makelloses Aussehen \u2013 im Mittelpunkt stehen dabei Sie als Patient. Mit modernen Ger\u00e4ten, geschultem Fachpersonal, einem breiten Behandlungsspektrum und allen voran ausreichend Zeit f\u00fcr den einzelnen Patienten sind wir bestrebt, auf Ihre pers\u00f6nlichen Bed\u00fcrfnisse und Belange einzugehen.<\/p>\n","protected":false},"author":1,"featured_media":0,"parent":0,"menu_order":0,"comment_status":"closed","ping_status":"closed","template":"","meta":[],"_links":{"self":[{"href":"https:\/\/zahnarztpraxis-steinbach.de\/index.php?rest_route=\/wp\/v2\/pages\/118"}],"collection":[{"href":"https:\/\/zahnarztpraxis-steinbach.de\/index.php?rest_route=\/wp\/v2\/pages"}],"about":[{"href":"https:\/\/zahnarztpraxis-steinbach.de\/index.php?rest_route=\/wp\/v2\/types\/page"}],"author":[{"embeddable":true,"href":"https:\/\/zahnarztpraxis-steinbach.de\/index.php?rest_route=\/wp\/v2\/users\/1"}],"replies":[{"embeddable":true,"href":"https:\/\/zahnarztpraxis-steinbach.de\/index.php?rest_route=%2Fwp%2Fv2%2Fcomments&post=118"}],"version-history":[{"count":5,"href":"https:\/\/zahnarztpraxis-steinbach.de\/index.php?rest_route=\/wp\/v2\/pages\/118\/revisions"}],"predecessor-version":[{"id":229,"href":"https:\/\/zahnarztpraxis-steinbach.de\/index.php?rest_route=\/wp\/v2\/pages\/118\/revisions\/229"}],"wp:attachment":[{"href":"https:\/\/zahnarztpraxis-steinbach.de\/index.php?rest_route=%2Fwp%2Fv2%2Fmedia&parent=118"}],"curies":[{"name":"wp","href":"https:\/\/api.w.org\/{rel}","templated":true}]}}