{"id":102,"date":"2018-07-19T13:26:50","date_gmt":"2018-07-19T11:26:50","guid":{"rendered":"http:\/\/zahnarztpraxis-steinbach.de\/?page_id=102"},"modified":"2019-04-18T16:09:49","modified_gmt":"2019-04-18T14:09:49","slug":"http-web907-sarah-webhoster-ag-wordpress-behandlungsspektrum-zahnersatz","status":"publish","type":"page","link":"https:\/\/zahnarztpraxis-steinbach.de\/?page_id=102","title":{"rendered":"Behandlungsspektrum"},"content":{"rendered":"<p>Auf den folgenden Seiten haben wir f\u00fcr Sie eine Auswahl an Informationen zum Behandlungsspektrum der modernen allgemeinen Zahnmedizin unserer Praxis zusammengestellt. Unser Behandlungsspektrum ist breit gef\u00e4chert, wir bieten selbstverst\u00e4ndlich Behandlungen in allen Bereichen der modernen Zahnheilkunde an.<\/p>\n<p><a href=\"https:\/\/zahnarztpraxis-steinbach.de\/?page_id=152\"><img loading=\"lazy\" class=\"alignnone wp-image-289 size-full\" src=\"https:\/\/zahnarztpraxis-steinbach.de\/wp-content\/uploads\/2019\/01\/zahnersatz.gif\" alt=\"\" width=\"270\" height=\"240\" \/><\/a><a href=\"https:\/\/zahnarztpraxis-steinbach.de\/?page_id=146\"><img loading=\"lazy\" class=\"alignnone wp-image-286 size-full\" src=\"https:\/\/zahnarztpraxis-steinbach.de\/wp-content\/uploads\/2019\/01\/aestetische-zahnheilkunde.gif\" alt=\"\" width=\"270\" height=\"240\" \/><\/a><\/p>\n<p><a href=\"https:\/\/zahnarztpraxis-steinbach.de\/?page_id=149\"><img loading=\"lazy\" class=\"alignnone wp-image-288 size-full\" src=\"https:\/\/zahnarztpraxis-steinbach.de\/wp-content\/uploads\/2019\/01\/zahnerhaltung.gif\" alt=\"\" width=\"270\" height=\"240\" \/><\/a><a href=\"https:\/\/zahnarztpraxis-steinbach.de\/?page_id=143\"><img loading=\"lazy\" class=\"alignnone wp-image-287 size-full\" src=\"https:\/\/zahnarztpraxis-steinbach.de\/wp-content\/uploads\/2019\/01\/proohylaxe.gif\" alt=\"\" width=\"270\" height=\"240\" \/><\/a><\/p>\n<p>Dar\u00fcber hinaus haben die Zahn\u00e4rzte spezielle Schwerpunkte in der Zahnheilkunde und vertiefen damit das Behandlungsspektrum.<\/p>\n<p>W\u00fcnschen Sie weitere Informationen? Schicken Sie uns eine <a href=\"mailto:zahnarzt_steinbach@gmx.de\">E-Mail<\/a>! Nat\u00fcrlich ersetzt dies nicht die pers\u00f6nliche Beratung. Falls Sie ein ausf\u00fchrliches Gespr\u00e4ch w\u00fcnschen, vereinbaren Sie bitte einen Termin, damit wir ausreichend Zeit f\u00fcr Sie einplanen k\u00f6nnen.<\/p>\n","protected":false},"excerpt":{"rendered":"<p>Auf den folgenden Seiten haben wir f\u00fcr Sie eine Auswahl an Informationen zum Behandlungsspektrum der modernen allgemeinen Zahnmedizin unserer Praxis zusammengestellt. Unser Behandlungsspektrum ist breit gef\u00e4chert, wir bieten selbstverst\u00e4ndlich Behandlungen in allen Bereichen der modernen Zahnheilkunde an. Dar\u00fcber hinaus haben die Zahn\u00e4rzte spezielle Schwerpunkte in der Zahnheilkunde und vertiefen damit das Behandlungsspektrum. W\u00fcnschen Sie weitere &hellip; <\/p>\n<p class=\"link-more\"><a href=\"https:\/\/zahnarztpraxis-steinbach.de\/?page_id=102\" class=\"more-link\"><span class=\"screen-reader-text\">\u201eBehandlungsspektrum\u201c<\/span> weiterlesen<\/a><\/p>\n","protected":false},"author":1,"featured_media":0,"parent":0,"menu_order":2,"comment_status":"closed","ping_status":"closed","template":"","meta":[],"_links":{"self":[{"href":"https:\/\/zahnarztpraxis-steinbach.de\/index.php?rest_route=\/wp\/v2\/pages\/102"}],"collection":[{"href":"https:\/\/zahnarztpraxis-steinbach.de\/index.php?rest_route=\/wp\/v2\/pages"}],"about":[{"href":"https:\/\/zahnarztpraxis-steinbach.de\/index.php?rest_route=\/wp\/v2\/types\/page"}],"author":[{"embeddable":true,"href":"https:\/\/zahnarztpraxis-steinbach.de\/index.php?rest_route=\/wp\/v2\/users\/1"}],"replies":[{"embeddable":true,"href":"https:\/\/zahnarztpraxis-steinbach.de\/index.php?rest_route=%2Fwp%2Fv2%2Fcomments&post=102"}],"version-history":[{"count":17,"href":"https:\/\/zahnarztpraxis-steinbach.de\/index.php?rest_route=\/wp\/v2\/pages\/102\/revisions"}],"predecessor-version":[{"id":401,"href":"https:\/\/zahnarztpraxis-steinbach.de\/index.php?rest_route=\/wp\/v2\/pages\/102\/revisions\/401"}],"wp:attachment":[{"href":"https:\/\/zahnarztpraxis-steinbach.de\/index.php?rest_route=%2Fwp%2Fv2%2Fmedia&parent=102"}],"curies":[{"name":"wp","href":"https:\/\/api.w.org\/{rel}","templated":true}]}}